 b. Calculate the highest common factor of w and 2.
2
Let p = -375 - -161. Let z = -119 - p. What is the highest common factor of 19 and z?
19
Let g(u) = -u**2 + 1. Let p(b) = 5*b**2 + 26*b - 12. Let n(o) = 3*g(o) + p(o). Let z be n(-14). What is the greatest common divisor of z and 76?
19
Let z(y) = -79*y**3 - 2*y**2 + 1. Suppose -3*n = 1 + 2. Let i be z(n). Suppose 0 = -3*j + i + 66. Calculate the highest common factor of j and 72.
24
Let l(a) = -7*a + 6. Suppose -4 = 3*i + 5*c, -i + 3*c - 1 + 9 = 0. Let f be l(i). Let g be (4/f)/(4/(-104)). What is the highest common factor of g and 117?
13
Let u be (-4 + (-7)/(-2))*-340. Calculate the greatest common factor of 136 and u.
34
Let r(z) = z**3 + 6*z**2 + z - 6. Let w be r(-4). Suppose 2 = 6*a - w. Calculate the greatest common factor of a and 12.
4
Let f(q) = q**2 + 11*q - 48. Let j be f(-15). Calculate the highest common factor of j and 24.
12
Let s(j) = -j**3 - 26*j**2 - 2*j - 16. Let q be s(-26). What is the greatest common factor of q and 48?
12
Suppose 1306 - 3930 = -16*c. What is the greatest common divisor of 574 and c?
82
Let w(v) = 2*v**2 + 61*v - 120. Let m be w(-33). Calculate the highest common divisor of 3015 and m.
45
Suppose 2*i - 115 = -23*l + 22*l, 551 = 5*l + 2*i. Calculate the greatest common divisor of l and 218.
109
Let d(q) = -q**2 + 7*q + 14. Let j be d(7). Let s(k) = 5*k - 43. Let v be s(10). What is the highest common factor of j and v?
7
Let c(d) = 3*d**2 - 45*d - 13. Let u be c(16). What is the greatest common divisor of u and 5?
5
Let y(s) = -s**3 + 8*s**2 - 3*s + 10. Let j be y(7). Suppose 2*x + 3*v - 18 = 0, 2 = 5*x + 5*v - j. What is the greatest common divisor of 48 and x?
6
Let t be 884/22 - (-20)/(-110). Suppose -u - 4*u = t. Let z(k) = -2*k - 6. Let g be z(u). Calculate the greatest common divisor of 70 and g.
10
Let k be ((-750)/8)/(-3) - (-150)/(-120). Calculate the greatest common factor of 165 and k.
15
Suppose 0*z + 3*z - 4*m = 120, -80 = -2*z + 4*m. Suppose -z = 6*u - 10*u. What is the greatest common divisor of 90 and u?
10
Let p = 36 - 30. Suppose -11 = -f - p. Suppose 0 = 2*d - f*w - 65, -3*w = 3*d + d - 195. Calculate the greatest common factor of 30 and d.
15
Suppose 13640 = 111*z - 23*z. Suppose 2*q + 2*q = 0. Suppose 5*k - j - 97 - 57 = q, 3*j - 34 = -k. Calculate the greatest common divisor of k and z.
31
Let t be ((-18)/(-12))/((-3)/4). Let o be (t + -19)/(-3)*1. Let k = 1 + o. Calculate the highest common factor of 12 and k.
4
Let p(l) = l**2 + 8*l + 5. Let y be p(-8). Suppose -5*i - y*n + 290 = 0, 118 = 2*i + 4*n - 0. Calculate the greatest common factor of i and 38.
19
Suppose -2*f - 91 + 101 = 0. Calculate the highest common divisor of 395 and f.
5
Suppose -2*p = -4*p - 4, -4*f - p + 5102 = 0. Calculate the greatest common factor of f and 44.
44
Suppose 8*g = 4*g + 240. Let r(i) = 24*i**2 - i. Let z be r(-1). Suppose -p + 125 = -z. What is the greatest common factor of p and g?
30
Let h(p) = p**2 - 6*p + 9. Let c be h(5). Suppose 2*u = -c + 6. Let q be (-3)/(u/(-10)*2). What is the greatest common factor of 75 and q?
15
Let n(v) = 12*v**2 - 7*v - 40. Let g be n(-4). Calculate the highest common divisor of g and 9.
9
Suppose 208 = 25*j - 42. Suppose 6*t - 4*t = -44. Let a = t - -32. What is the highest common divisor of j and a?
10
Suppose -5*q - 10 = 0, -3*q - 48 = 5*z + q. Let w(c) = -6*c - 46. Let n be w(z). What is the greatest common factor of 5 and n?
1
Let r = -169 - -277. What is the highest common factor of 48 and r?
12
Suppose 5*w + 5 = -0*x + 5*x, -5*x = 15. Let q(a) = -15*a - 8. Let m be q(w). Calculate the greatest common factor of m and 208.
52
Let y be (0/5 + -53)*-4. What is the greatest common factor of 4 and y?
4
Let t(i) = 83*i**2 - 4*i - 5. Let q be t(-2). Suppose x = 5*d - 3*d - 145, -5*d - 3*x = -q. Calculate the greatest common divisor of 28 and d.
14
Suppose -j + 398 = 3*g, 11*j + 394 = 3*g + 10*j. What is the highest common divisor of 616 and g?
44
Let i be 0 + 1 - (-8 + 7). Suppose -4*g + 3 - 2 = c, -g - i = -2*c. Suppose -2*a = -2*v, g = v + 2*v - 6. What is the highest common divisor of a and 8?
2
Suppose 0 = 4*g - 5*p - 778, 7*p = -4*g + 2*p + 758. Let j(z) = -2*z**2 + 29*z - 15. Let o be j(13). What is the highest common divisor of g and o?
24
Let t be -27*((-63)/(-7) - 34). What is the greatest common factor of t and 150?
75
Let y(u) = u**3 + 4*u**2 - 7*u - 6. Let k be y(-4). Suppose -k*m + 273 = -15*m. What is the greatest common factor of 273 and m?
39
Let h = 151 + -145. Calculate the greatest common divisor of h and 648.
6
Let d(m) = -m**2 + 7*m - 7. Let y be d(5). Let p = y - 1. Calculate the greatest common factor of p and 10.
2
Suppose 5*c = 4*v - 88, -3*v + 18 = 5*c - 13. Let l = 1 - 0. Let y be l/(4/(-1904)*-4). Calculate the highest common divisor of v and y.
17
Suppose 2*u - 11 + 1 = 0. Suppose u*w - 49 - 11 = 0. Calculate the greatest common factor of 132 and w.
12
Let c = -14 + 28. Let d = -6 + 13. Let a be (d + -5)*(c - 0). What is the highest common factor of 4 and a?
4
Let r(c) = -c**2 - 14*c - 16. Let f = -4 - 6. Let m be r(f). Calculate the highest common factor of m and 4.
4
Let m(g) = 5*g**3 - 6*g**2 - g + 2. Let f be m(3). Calculate the highest common factor of f and 16.
16
Suppose 0 = 3*v - 3382 + 3265. Suppose o = 5*f + 28, 0*o - f - 55 = -4*o. Calculate the highest common factor of v and o.
13
Suppose 24 = -j + 5*j. Let g(c) = -c**2 + 6*c - 9. Let i be g(j). Let u = i + 20. Calculate the greatest common factor of 11 and u.
11
Suppose -647 - 2983 = -6*k. Calculate the greatest common factor of 165 and k.
55
Let o(j) = j**2 - 8*j + 7. Let h be o(8). What is the greatest common factor of h and 63?
7
Suppose -251*w + 257*w = 342. Calculate the greatest common divisor of 12 and w.
3
Suppose -8*h + 5 = -9*h, h - 355 = -5*g. Calculate the greatest common divisor of 936 and g.
72
Let p(u) be the second derivative of -u**4/4 + u**3/6 + 51*u**2/2 + 30*u. Let q be p(0). What is the greatest common factor of q and 51?
51
Suppose 5*x = -5*l + 25, -3*l + 9 = 2*l - 3*x. Suppose 5 - 59 = -3*p + m, 5*p - l*m = 86. Calculate the greatest common factor of 95 and p.
19
Let a be 2 - (-1 + 0 + 1). Let q be a/(-2) + 1 - -32. What is the greatest common divisor of 8 and q?
8
Let g(n) = -3*n**3 - 2*n**2 - 2*n + 1. Let l be g(-2). Suppose -7*m = -l*m + 644. Calculate the greatest common divisor of 115 and m.
23
Suppose 5*b + 5*r - 176 = 4*r, 0 = 5*r + 20. Let x = b + -25. What is the greatest common divisor of x and 1?
1
Let y be 6/12*-4 - (-12)/2. Suppose 3*m + m = w - 14, -2*w = y*m + 8. Suppose d + 0 = 4. Calculate the greatest common divisor of w and d.
2
Let n(g) = 21*g - 15. Let b be (135/(-6))/(-5)*10/15. Let c be n(b). Suppose 7*k - 72 = 4*k. What is the highest common divisor of k and c?
24
Let k be (-243)/6*(7 + -11 + 2). Suppose 6 = -2*d + 5*d. Let n = d - -7. Calculate the greatest common factor of k and n.
9
Suppose 0*l - f = 2*l + 15, 0 = -3*l - 4*f - 30. Let j be (-90)/12*(-28)/l. Let q = 9 - j. What is the highest common factor of 4 and q?
4
Let q be (1 - 2 - -2)*-62. Let d = 134 + q. Let c = -49 - -58. What is the greatest common divisor of d and c?
9
Let w(q) = 3*q - 11. Let d be w(5). Suppose -8 = -n + d. Calculate the greatest common divisor of n and 12.
12
Let y be (-413)/49 - 4/7. Let a be 338/39 - ((-24)/y - 2). Calculate the greatest common factor of 200 and a.
8
Let d(v) = 2*v**3 - v**2 + 5*v - 6. Let l = 98 + -94. Let z be d(l). What is the greatest common factor of z and 18?
18
Let d = 1250 - 400. Suppose d = -32*v + 37*v. What is the greatest common factor of v and 17?
17
Let x(u) = u + 3. Let y be x(-4). Let i be -6 + 5 + (0 - y). Suppose i = 3*k - 6, -3*w - 2*k + 34 + 27 = 0. Calculate the highest common factor of w and 171.
19
Suppose -i - 3*r - 12 = -189, -2*i + 8*r = -256. Let c be (20 - 2)*2/3. Calculate the greatest common factor of i and c.
12
Let y = 79 + -46. Let q(c) = -79*c**3 - 2*c - 1 + 272*c**3 + 2*c**2 - 61*c**3 - 87*c**3. Let u be q(2). Calculate the highest common factor of u and y.
33
Suppose -4*x - 4 = -3*h + 1, -5*x = 5*h - 20. Let i be -1*((-18)/(-12) - -4)*-6. Let l be (-7)/14*(x - i). Calculate the highest common divisor of l and 16.
16
Let i(v) = -v**3 + 8